-33
100 (base 5) to base 8
31
Convert 1 (base 9) to base 4.
1
Convert 425 (base 6) to base 5.
1121
b (base 16) to base 6
15
-1 (base 15) to base 11
-1
Convert d (base 15) to base 11.
12
-51 (base 9) to base 4
-232
Convert 1010 (base 3) to base 6.
50
What is 2 (base 11) in base 2?
10
-3 (base 5) to base 8
-3
-5 (base 8) to base 16
-5
-20 (base 5) to base 16
-a
What is -254 (base 6) in base 5?
-411
What is -100 (base 2) in base 12?
-4
Convert 36 (base 11) to base 13.
30
-31 (base 7) to base 12
-1a
What is -1110 (base 5) in base 13?
-bc
2f (base 16) to base 9
52
Convert -288 (base 9) to base 13.
-158
Convert 0 (base 12) to base 13.
0
What is -4 (base 9) in base 4?
-10
-13 (base 4) to base 9
-7
Convert -3 (base 11) to base 16.
-3
What is -1111 (base 2) in base 15?
-10
Convert -16 (base 13) to base 14.
-15
Convert 4 (base 11) to base 15.
4
422 (base 7) to base 10
212
-27 (base 10) to base 9
-30
What is 1 (base 3) in base 13?
1
What is -27 (base 10) in base 13?
-21
What is -3 (base 5) in base 3?
-10
-1 (base 16) to base 6
-1
Convert -21 (base 3) to base 4.
-13
Convert -22 (base 7) to base 5.
-31
What is 11 (base 2) in base 3?
10
Convert -3 (base 16) to base 13.
-3
4 (base 5) to base 7
4
What is -1 (base 12) in base 3?
-1
11 (base 11) to base 4
30
What is 43 (base 13) in base 15?
3a
Convert 4 (base 11) to base 15.
4
Convert 71 (base 11) to base 12.
66
What is -b9 (base 14) in base 16?
-a3
What is 303 (base 5) in base 13?
60
Convert 2 (base 5) to base 7.
2
What is -7 (base 9) in base 16?
-7
-111 (base 2) to base 3
-21
What is -102 (base 3) in base 2?
-1011
Convert -84 (base 11) to base 10.
-92
Convert -2 (base 7) to base 11.
-2
What is -131 (base 4) in base 14?
-21
What is -1 (base 4) in base 5?
-1
Convert -3 (base 5) to base 8.
-3
What is 10110101 (base 2) in base 8?
265
Convert -21 (base 11) to base 4.
-113
10 (base 8) to base 9
8
What is -101 (base 2) in base 13?
-5
Convert -311 (base 4) to base 14.
-3b
76 (base 11) to base 2
1010011
-8 (base 15) to base 14
-8
Convert 53 (base 15) to base 7.
141
What is 0 (base 6) in base 12?
0
Convert -3 (base 10) to base 11.
-3
What is 26 (base 16) in base 6?
102
What is 8 (base 10) in base 15?
8
6 (base 8) to base 11
6
What is -1100 (base 2) in base 13?
-c
2 (base 5) to base 10
2
Convert -320 (base 11) to base 9.
-467
-3 (base 5) to base 3
-10
18b (base 14) to base 5
2234
Convert d (base 14) to base 11.
12
Convert 1 (base 15) to base 14.
1
Convert 114 (base 6) to base 8.
56
Convert 3 (base 5) to base 6.
3
Convert 30 (base 5) to base 3.
120
6 (base 13) to base 7
6
What is 70 (base 11) in base 13?
5c
Convert -2323 (base 4) to base 7.
-355
Convert 2e (base 15) to base 2.
101100
7 (base 14) to base 16
7
Convert -7 (base 16) to base 15.
-7
What is -6 (base 10) in base 16?
-6
-1c (base 15) to base 10
-27
What is 1 (base 14) in base 4?
1
52 (base 6) to base 16
20
What is -94 (base 16) in base 11?
-125
Convert -13 (base 16) to base 11.
-18
What is 1aa (base 15) in base 5?
3020
What is 26 (base 10) in base 11?
24
What is 49 (base 11) in base 10?
53
Convert 1 (base 9) to base 2.
1
0 (base 6) to base 4
0
What is 18 (base 10) in base 13?
15
Convert -9 (base 10) to base 12.
-9
What is -1220 (base 6) in base 9?
-363
-1 (base 13) to base 4
-1
What is 101 (base 3) in base 15?
a
-17 (base 14) to base 4
-111
-4 (base 14) to base 15
-4
0 (base 16) to base 11
0
-b (base 14) to base 12
-b
Convert -1011 (base 3) to base 2.
-11111
Convert 0 (base 11) to base 5.
0
Convert 25 (base 11) to base 3.
1000
What is 0 (base 2) in base 6?
0
-5 (base 7) to base 11
-5
-2c (base 14) to base 3
-1111
What is 21 (base 5) in base 12?
b
21 (base 4) to base 3
100
What is -5 (base 7) in base 5?
-10
Convert 2 (base 11) to base 14.
2
What is -456 (base 8) in base 3?
-102012
Convert -47 (base 12) to base 14.
-3d
What is -22 (base 4) in base 14?
-a
Convert -155 (base 7) to base 3.
-10022
-11001 (base 2) to base 9
-27
-73 (base 11) to base 6
-212
What is 134 (base 8) in base 2?
1011100
Convert 36 (base 7) to base 9.
30
Convert -42 (base 12) to base 4.
-302
Convert 4 (base 5) to base 11.
4
275 (base 9) to base 5
1410
Convert -2 (base 12) to base 8.
-2
Convert 15 (base 11) to base 5.
31
0 (base 15) to base 16
0
What is 3 (base 15) in base 8?
3
-3 (base 12) to base 6
-3
-6 (base 7) to base 4
-12
Convert 3 (base 7) to base 3.
10
What is 3 (base 16) in base 3?
10
-13 (base 14) to base 5
-32
What is 35 (base 8) in base 13?
23
Convert 9 (base 15) to base 13.
9
Convert 256 (base 9) to base 14.
113
-43 (base 6) to base 7
-36
What is -31 (base 11) in base 9?
-37
-40 (base 6) to base 11
-22
a9 (base 13) to base 11
117
-114 (base 6) to base 5
-141
Convert 5 (base 6) to base 2.
101
-4 (base 14) to base 9
-4
0 (base 8) to base 3
0
-28 (base 13) to base 9
-37
41 (base 10) to base 16
29
-24 (base 13) to base 15
-20
Convert -16 (base 8) to base 13.
-11
3 (base 5) to base 13
3
What is 1221 (base 3) in base 5?
202
8 (base 14) to base 16
8
What is 3 (base 12) in base 11?
3
What is 22 (base 5) in base 15?
c
What is 22 (base 14) in base 16?
1e
Convert 11 (base 4) to base 7.
5
Convert -33 (base 4) to base 5.
-30
What is -2 (base 13) in base 4?
-2
-29 (base 10) to base 13
-23
-33 (base 6) to base 10
-21
Convert a (base 16) to base 10.
10
1 (base 3) to base 11
1
Convert 10 (base 3) to base 14.
3
What is 1122 (base 4) in base 2?
1011010
-164 (base 10) to base 4
-2210
What is -44 (base 7) in base 10?
-32
What is 37 (base 15) in base 5?
202
What is 0 (base 3) in base 13?
0
What is -1 (base 9) in base 3?
-1
a3 (base 13) to base 14
97
What is -1 (base 14) in base 6?
-1
Convert 2 (base 14) to base 15.
2
What is 1 (base 7) in base 5?
1
Convert 25 (base 8) to base 3.
210
Convert 0 (base 12) to base 10.
0
What is 5 (base 7) in base 5?
10
What is 6 (base 9) in base 14?
6
Convert 1 (base 7) to base 4.
1
What is 3 (base 10) in base 2?
11
What is -21 (base 3) in base 16?
-7
61 (base 11) to base 8
103
Convert 0 (base 10) to base 4.
0
Convert -263 (base 10) to base 5.
-2023
What is 7 (base 13) in base 2?
111
What is -1 (base 5) in base 8?
-1
a (base 13) to base 7
13
What is -b (base 12) in base 3?
-102
Convert 4 (base 15) to base 2.
100
0 (base 4) to base 8
0
3 (base 7) to base 15
3
2 (base 10) to base 2
10
-55 (base 6) to base 16
-23
What is -16 (base 12) in base 8?
-22
3 (base 7) to base 5
3
-20 (base 10) to base 13
-17
-2 (base 4) to base 2
-10
Convert 1 (base 7) to base 8.
1
-22 (base 8) to base 12
-16
-23 (base 9) to base 12
-19
Convert 1b (base 14) to base 7.
34
1010 (base 3) to base 6
50
What is 3 (base 6) in base 7?
3
0 (base 8) to base 13
0
What is -2 (base 10) in base 7?
-2
What is -73 (base 16) in base 11?
-a5
-73 (base 8) to base 12
-4b
-5 (base 7) to base 14
-5
Convert 43 (base 16) to base 3.
2111
Convert 1a (base 11) to base 5.
41
What is 22 (base 6) in base 10?
14
What is 101 (base 8) in base 15?
45
-1 (base 13) to base 3
-1
Convert -13 (base 6) to base 7.
-12
136 (base 7) to base 6
204
-1 (base 15) to base 4
-1
-9 (base 16) to base 4
-21
-10101 (base 2) to base 6
-33
What is -2 (base 16) in base 15?
-2
What is 77 (base 11) in base 2?
1010100
What is -100 (base 3) in base 13?
-9
Convert -4 (base 7) to base 9.
-4
Convert -2 (base 4) to base 14.
-2
What is -3 (base 11) in base 4?
-3
Convert 10000111 (base 2) to base 3.
12000
Convert -b (base 14) to base 4.
-23
-18 (base 13) to base 9
-23
What is 6 (base 12) in base 11?
6
-20 (base 3) to base 13
-6
Convert 7 (base 14) to base 15.
7
-42 (base 6) to base 4
-122
Convert -100 (base 11) to base 10.
-121
-22 (base 4) to base 2
-1010
Convert 0 (base 15) to base 16.
0
What is -220 (base 4) in base 5?
-130
What is 27 (base 13) in base 2?
100001
-15a (base 14) to base 4
-10110
2142 (base 5) to base 3
102000
-4 (base 14) to base 2
-100
-22 (base 13) to base 15
-1d
-10 (base 14) to base 9
-15
What is 10120 (base 3) in base 7?
165
What is -1433 (base 5) in base 9?
-300
-177 (base 12) to base 2
-11101011
1120 (base 3) to base 4
222
What is 4e (base 16) in base 2?
1001110
Convert -10 (base 11) to base 6.
-15
Convert -18 (base 14) to base 5.
-42
What is -110000 (base 2) in base 5?
-143
Convert -6 (base 12) to base 4.
-12
What is 3b (base 13) in base 11?
46
What is 404 (base 7) in base 13?
125
Convert -d (base 14) to base 3.
-111
What is 0 (base 5)